 the greatest common factor of 26 and 7046.
26
What is the greatest common factor of 15 and 1360?
5
What is the highest common divisor of 403 and 93?
31
What is the greatest common divisor of 195 and 1053?
39
What is the highest common factor of 30 and 4330?
10
What is the greatest common factor of 100 and 170?
10
Calculate the highest common factor of 231 and 66.
33
Calculate the greatest common factor of 108 and 4.
4
What is the greatest common factor of 36 and 3912?
12
What is the greatest common divisor of 7 and 14?
7
What is the greatest common divisor of 153 and 117?
9
What is the greatest common divisor of 24 and 450?
6
Calculate the greatest common divisor of 18 and 5526.
18
Calculate the greatest common factor of 23 and 229.
1
Calculate the greatest common factor of 183 and 7503.
183
What is the highest common factor of 91 and 65?
13
Calculate the greatest common factor of 104 and 988.
52
Calculate the greatest common factor of 390 and 4160.
130
What is the highest common factor of 16 and 14464?
16
Calculate the greatest common divisor of 6 and 6.
6
Calculate the greatest common factor of 1324 and 20.
4
What is the highest common divisor of 128 and 48?
16
Calculate the greatest common divisor of 26174 and 138.
46
What is the highest common factor of 57 and 133?
19
What is the highest common factor of 9 and 39?
3
What is the greatest common divisor of 24045 and 30?
15
Calculate the highest common divisor of 36 and 5436.
36
Calculate the greatest common factor of 98 and 28.
14
Calculate the highest common divisor of 105 and 30.
15
What is the greatest common factor of 44 and 220?
44
What is the greatest common divisor of 1 and 491?
1
What is the greatest common divisor of 4 and 317?
1
What is the greatest common factor of 26 and 1768?
26
Calculate the greatest common factor of 240 and 440.
40
Calculate the highest common factor of 47 and 893.
47
Calculate the greatest common factor of 1756 and 4.
4
Calculate the greatest common divisor of 228 and 438.
6
Calculate the highest common factor of 2272 and 32.
32
Calculate the highest common divisor of 5120 and 280.
40
Calculate the highest common divisor of 160 and 10.
10
What is the greatest common factor of 105 and 120?
15
What is the highest common factor of 94 and 799?
47
Calculate the greatest common divisor of 1240 and 80.
40
What is the highest common factor of 8710 and 130?
130
Calculate the highest common divisor of 2044 and 365.
73
What is the highest common factor of 44 and 8668?
44
What is the highest common divisor of 270 and 2160?
270
What is the greatest common factor of 21167 and 61?
61
What is the greatest common factor of 989 and 23?
23
Calculate the greatest common divisor of 17 and 187.
17
What is the greatest common divisor of 24 and 15?
3
What is the highest common divisor of 5421 and 139?
139
Calculate the highest common factor of 243 and 3456.
27
Calculate the greatest common factor of 37 and 1.
1
Calculate the highest common factor of 513 and 27.
27
Calculate the highest common factor of 416 and 9776.
208
What is the highest common divisor of 3996 and 1188?
108
Calculate the highest common factor of 638 and 174.
58
What is the highest common divisor of 3 and 564?
3
Calculate the highest common factor of 407 and 296.
37
Calculate the highest common factor of 37293 and 186.
93
Calculate the greatest common factor of 858 and 12.
6
What is the highest common divisor of 1695 and 15?
15
What is the highest common divisor of 360 and 480?
120
Calculate the highest common factor of 215 and 43.
43
What is the greatest common divisor of 6 and 54?
6
What is the greatest common divisor of 10 and 1210?
10
What is the greatest common divisor of 867 and 1139?
17
What is the highest common divisor of 1853 and 17?
17
What is the highest common factor of 840 and 1386?
42
What is the greatest common divisor of 2147 and 113?
113
Calculate the greatest common factor of 530 and 10.
10
Calculate the greatest common factor of 6 and 138.
6
What is the highest common divisor of 1215 and 90?
45
What is the highest common factor of 2597 and 53?
53
What is the highest common factor of 864 and 64?
32
Calculate the highest common divisor of 2 and 73.
1
Calculate the highest common divisor of 98 and 266.
14
Calculate the greatest common divisor of 6292 and 156.
52
Calculate the highest common divisor of 81 and 1827.
9
Calculate the highest common divisor of 84 and 24.
12
Calculate the greatest common factor of 28 and 1106.
14
What is the greatest common factor of 82 and 82?
82
Calculate the highest common divisor of 8203 and 13.
13
Calculate the highest common factor of 108 and 189.
27
What is the highest common factor of 1010 and 10?
10
What is the greatest common divisor of 5330 and 260?
130
Calculate the greatest common divisor of 160 and 3104.
32
Calculate the highest common divisor of 1209 and 325.
13
What is the highest common factor of 517 and 979?
11
Calculate the highest common factor of 4 and 876.
4
Calculate the greatest common divisor of 65 and 325.
65
Calculate the highest common divisor of 279 and 62.
31
Calculate the highest common divisor of 92 and 1610.
46
Calculate the greatest common factor of 1178 and 304.
38
What is the greatest common divisor of 25 and 1410?
5
What is the highest common factor of 143 and 33?
11
What is the highest common divisor of 60 and 588?
12
Calculate the greatest common divisor of 1190 and 50.
10
Calculate the highest common divisor of 203 and 14819.
203
What is the greatest common factor of 192 and 432?
48
What is the highest common divisor of 98 and 1568?
98
What is the greatest common divisor of 1330 and 56?
14
Calculate the highest common divisor of 230 and 50.
10
Calculate the highest common factor of 6816 and 120.
24
Calculate the greatest common factor of 256 and 64.
64
What is the highest common factor of 395 and 79?
79
What is the highest common divisor of 42 and 98?
14
What is the greatest common divisor of 13326 and 6?
6
What is the highest common divisor of 8512 and 4928?
448
What is the greatest common divisor of 416 and 120?
8
Calculate the greatest common divisor of 40 and 7840.
40
What is the greatest common divisor of 551 and 19?
19
What is the greatest common divisor of 51 and 204?
51
What is the greatest common factor of 494 and 26?
26
What is the greatest common divisor of 28199 and 163?
163
Calculate the highest common divisor of 259 and 2812.
37
What is the highest common factor of 3927 and 77?
77
Calculate the greatest common divisor of 392 and 616.
56
What is the greatest common factor of 39 and 936?
39
Calculate the highest common divisor of 164 and 1025.
41
What is the greatest common divisor of 105 and 168?
21
Calculate the highest common factor of 49898 and 122.
122
What is the highest common factor of 14 and 64?
2
Calculate the greatest common divisor of 3052 and 109.
109
Calculate the highest common divisor of 7080 and 10.
10
Calculate the greatest common factor of 1444 and 76.
76
What is the greatest common divisor of 414 and 736?
46
What is the greatest common divisor of 748 and 1088?
68
Calculate the highest common factor of 124 and 256.
4
Calculate the highest common factor of 360 and 5976.
72
What is the highest common factor of 424 and 2226?
106
What is the highest common factor of 39 and 13?
13
What is the highest common divisor of 462 and 231?
231
Calculate the greatest common divisor of 3059 and 1288.
161
Calculate the highest common divisor of 72118 and 214.
214
Calculate the greatest common factor of 1743 and 21.
21
What is the greatest common factor of 25 and 7?
1
What is the greatest common divisor of 96 and 18?
6
Calculate the highest common factor of 144 and 48.
48
What is the greatest common divisor of 27 and 9099?
27
What is the highest common divisor of 3312 and 299?
23
Calculate the highest common factor of 430 and 180.
10
Calculate the highest common divisor of 118792 and 248.
248
Calculate the highest common factor of 264 and 88.
88
What is the greatest common divisor of 5679 and 18?
9
What is the highest common divisor of 1648 and 16?
16
Calculate the highest common divisor of 228 and 5187.
57
What is the greatest common factor of 53835 and 111?
111
Calculate the greatest common factor of 68 and 85.